 are the prime factors of ((-2388144)/(-198) + 38)/(2/(-27)*-3)?
3, 18149
Let h(r) be the first derivative of r**4/4 - 10*r**3/3 + 4*r**2 + 13*r - 1. Let s be h(9). Suppose -u - 4*u + 50 = 5*w, w = s. List the prime factors of u.
2, 3
Suppose -21*j - 247896 = -120*j. List the prime factors of j.
2, 313
Let m = 2328 - -253. What are the prime factors of m?
29, 89
Suppose 0 = -98*x - 2459 + 52537. List the prime factors of x.
7, 73
Suppose 5*n = 502 + 248. Suppose -154*x = -n*x - 188. List the prime factors of x.
47
Let d = -13512 + 27986. List the prime factors of d.
2, 7237
Let c = -69 - -73. Suppose c*h - 3*h = -4*a + 20, 0 = -5*h + 5*a. What are the prime factors of 133/(0 + 1) + h?
137
Let q(g) = 3*g**3 + 2*g**2 - g + 3. Suppose 3*y = 1 + 23. Suppose 14 = -l + y*l. What are the prime factors of q(l)?
3, 11
Let g(d) = 245*d**3 + d**2 + 2*d - 3. Let l be g(1). Let j = l + 56. List the prime factors of j.
7, 43
Let x = -11048 - -32772. List the prime factors of x.
2, 5431
Suppose -15*w + 274 = -176. Suppose w*n - 12768 = -2*n. List the prime factors of n.
3, 7, 19
Let x = 146 - 119. Let h(l) = 10*l + 30. What are the prime factors of h(x)?
2, 3, 5
Let l = -212 + 7869. List the prime factors of l.
13, 19, 31
Let i = -73 - -73. Suppose w - 19 = 4*k, k + 3 = -i. What are the prime factors of 2*2 + -1 - (-1204)/w?
5, 7
Suppose -2*b + 4 - 3 = -5*s, -5*s = -5. Suppose -3*l - 4*p = -2323, 2 - b = -p. What are the prime factors of l?
773
Let w be (-4)/(-10) - (-1684)/(-10). Let x be ((-2)/(-4))/(12/w). Let m(a) = a**3 + 8*a**2 - 10*a - 5. List the prime factors of m(x).
2, 3, 19
Let g be (-66)/297 - (-10298)/9. Let j = g + -709. List the prime factors of j.
3, 5, 29
Let l = 11 + -10. Let t be l + (-2 - (-2 + 2)) - 3. What are the prime factors of (-4 - t/2)*-36?
2, 3
Let m be ((-8)/3)/(1/27*-3). Let h be (-1)/(-4) - (-66)/m. Let l(f) = 5*f**2 + f - 1. List the prime factors of l(h).
47
Let n(g) = -2*g - 12. Let f be n(-6). Suppose -15*u + 16*u + 1 = f. List the prime factors of u/(3 - (-1264)/(-420)).
3, 5, 7
Let t = -325 - -532. Suppose -2*r + 4*p - 323 = -7*r, 2*p = 3*r - t. List the prime factors of r.
67
Let g(d) be the third derivative of 7/6*d**3 + 0*d + 1/3*d**4 + 6*d**2 + 0. What are the prime factors of g(8)?
71
Suppose -3 = -q, z + 2*q = 667 + 225. Suppose -4*f + 858 = -2*v, -3*f + 3*v + z = 250. List the prime factors of f.
7, 31
Let o = 1 + -1. Let q be 10/(-50) - 1/10*-2. Suppose q*u + 7*u - 693 = o. List the prime factors of u.
3, 11
Let k(r) = 20 - 7*r - r + 6*r. Let b be k(10). Let f(d) = -4*d + 44. What are the prime factors of f(b)?
2, 11
Suppose -2*d = -7*d - 2*i + 127, -i = 5*d - 131. Let y be d/36 + (-79)/4. Let o = 58 - y. What are the prime factors of o?
7, 11
Let j(f) = 5*f + 65. Let b be j(-12). Suppose b*w = -9*w + 2940. What are the prime factors of w?
2, 3, 5, 7
Suppose -67809 - 28791 = -42*l. List the prime factors of l.
2, 5, 23
Suppose 6*z - 15360 = -3138. What are the prime factors of z?
3, 7, 97
Let x be 308/(-462)*186/(-4). Let m = 74 + -7. Let v = m - x. What are the prime factors of v?
2, 3
Let k be (-15934)/(-18) + (-54)/243. Suppose -5*t + 5080 + k = 0. List the prime factors of t.
1193
Let o = 16 - 65. Let n = -42 - o. Suppose -n*b + 102 = -4*b. What are the prime factors of b?
2, 17
Let i(p) = -1800*p + 1231. What are the prime factors of i(-8)?
7, 11, 29
Let a(m) = -192*m**2 - 4*m + 8. Let x(s) = -386*s**2 - 9*s + 15. Let t(z) = -5*a(z) + 2*x(z). List the prime factors of t(2).
2, 373
Let y = 39929 + 20878. What are the prime factors of y?
3, 20269
Let v(q) = q**2 + 4*q - 3. Let w be v(1). Let f(p) = 70*p + 34. What are the prime factors of f(w)?
2, 3, 29
Suppose -14417 = -4*y - 5*d + 44336, 5*d = y - 14707. What are the prime factors of y?
2, 3673
Suppose 2*c + 5*h - 24196 = 0, -2*c + 24204 = -3*h + 4*h. What are the prime factors of c?
7, 13, 19
Let s be 1 + ((-4)/(-6) - (-2)/6). Let i be 2/(s/(-3)) + 11. Suppose 775 = -3*l + i*l. List the prime factors of l.
5, 31
Suppose -7*u + 25 = -2*u, -2*b + 2*u + 378 = 0. Suppose -q + 3*p = -103, -28 = 2*q + 4*p - b. What are the prime factors of q?
7, 13
Let j(p) = p**3 + 8*p**2 - 12*p + 6. Let h be j(7). Let l = h - 577. List the prime factors of l.
2, 5
Let b(r) = r**3 - 51*r**2 - 107*r + 56. Let y be b(53). Suppose -6*s + 11556 = y*s. What are the prime factors of s?
2, 3, 107
Let u(t) = 222*t**3 + 48*t**2 - 168*t - 8. List the prime factors of u(4).
2, 1787
Let o(n) = -206*n - 31. Let t be o(-3). Let a = t - 506. What are the prime factors of a?
3
Suppose 33 - 3 = f. Suppose -2*z = -5*r + f, -5*r + z + 25 = -0*z. Suppose 4*o + o - 119 = -r*l, -3*l - 4*o = -90. List the prime factors of l.
2, 13
Let q(d) = -5*d - 8. Let s(u) = 4*u + 9. Let c(y) = 3*q(y) + 4*s(y). Let l be c(-9). Let h(a) = 14*a**2 - 2*a + 5. List the prime factors of h(l).
5
Let q(j) be the second derivative of 7*j**4/12 + 47*j**3/6 - 21*j**2/2 - 3*j + 10. List the prime factors of q(-9).
3, 41
Let o(a) be the third derivative of -11/2*a**3 - 5*a**2 + 0 - a**4 + 0*a. What are the prime factors of o(-5)?
3, 29
Let n = -15 + 41. Suppose 13*u = -0*u + n. Let s = u + 76. What are the prime factors of s?
2, 3, 13
Suppose 33*m = 42*m + 10035. Let s = 1647 + m. List the prime factors of s.
2, 7, 19
Let r(c) = c**2 - 5*c - 3. Let q(j) = j - 13. Suppose -9*k = -6*k - 18. Let l be q(k). What are the prime factors of r(l)?
3
Suppose 0 = -b - 4*u + 1283, b + 4*b - u - 6331 = 0. Suppose b = -7*r + 7133. What are the prime factors of r?
2, 419
Let o = 254 - 251. Suppose 0 = t - o*t + f + 347, -t - f + 181 = 0. What are the prime factors of t?
2, 11
Let l(w) = w + 10. Let f be l(-6). Suppose 5*x - a - 5722 = 0, -22*x + 17*x + f*a = -5713. List the prime factors of x.
5, 229
Let v(o) = -4*o + 6 - 3 - 4 + 23*o**2 - 2. Let l be v(-2). What are the prime factors of (1 - 0)/1*l?
97
Let p(v) = 22*v + 78. Let k be p(19). Let l = k - 353. List the prime factors of l.
11, 13
Let t = 34 - -50. Suppose t*v = 82*v - 432. Let x = 364 + v. What are the prime factors of x?
2, 37
Let f = 116 + -54. Suppose m + 3*y + 65 = -f, 0 = -5*m - 4*y - 624. Let a = m + 262. List the prime factors of a.
2, 3, 23
Let w(y) = 2*y**2 + 42*y - 209. What are the prime factors of w(53)?
3, 5, 509
Suppose -7 = -2*q + 7. Let p be (6 - q)/(3/3). List the prime factors of (2 + -60)*(1 + (-4 - p)).
2, 29
Let f(k) = 4*k**2 - 65*k + 27. Let y be 69/23*(8 + -1). List the prime factors of f(y).
2, 3, 71
Let i be (-1 - (-12062)/10) + (-4)/20. Let c = -843 + i. List the prime factors of c.
2, 181
Let z = 345 - 345. Suppose 2*s = 4*j - 198, 2*s + z*s - 131 = -3*j. What are the prime factors of j?
47
Let f be ((-3)/2)/(18/(-96)). Suppose -7*b - 342 = -f*b. List the prime factors of (-2)/(-5 + 1707/b).
2, 3, 19
Suppose -64*a + 21*a = -129. Suppose r - 967 = 3*q - 5082, a*q - 3*r - 4107 = 0. What are the prime factors of q?
1373
Suppose 9*z + 17*z = -85559 + 300839. List the prime factors of z.
2, 3, 5, 23
Let q(r) be the third derivative of -r**6/120 - 11*r**5/60 + 4*r**4/3 + r**3/2 - 25*r**2. Let u be q(-14). What are the prime factors of u + (1 + -1 - -3)?
2, 73
Suppose 0 = -22*u + 6*u + 240. What are the prime factors of 290/1 + u + -17?
2, 3
What are the prime factors of (-141)/((11165/(-1012))/29 + 2/8)?
23, 47
Let o(r) = 4*r - 10. Let h be o(6). Suppose 4*n - h = 2. Suppose 0 = n*a - 62 - 74. What are the prime factors of a?
2, 17
Let o(w) = 7266*w**2 - 8*w - 13. List the prime factors of o(2).
5, 5807
Let y = 21125 - -4076. What are the prime factors of y?
11, 29, 79
Let q be 18 + (-1 - -3)*(-1)/2. Suppose -q*v + 12*v = -2970. List the prime factors of v.
2, 3, 11
Let a = -1184 + 2042. Suppose 1968 = 9*d - a. List the prime factors of d.
2, 157
Let o = -17 - -16. Let h = o + 7. Suppose 8*x - h*x = 140. What are the prime factors of x?
2, 5, 7
Let d be (-30)/45*6 - (-3 + -1). Suppose d = 4*i - 0*x - 4*x - 1468, 3*i - 1097 = x. What are the prime factors of i?
5, 73
Suppose -25*g - 134 = 141. What are the prime factors of g/(11/(-5)) + 57?
2, 31
Suppose 0 = -h - 5*z + 26878, -12*h + 15*h - 2*z = 80532. List the prime factors of h.
2, 839
List the prime factors of (-160)/(-720) - 41126/6*(-2)/6.
5, 457
Let g = 33856 - 23887. What are the prime factors 